1 is divided by 62?
23
What is the remainder when 594 is divided by 23?
19
What is the remainder when 728 is divided by 68?
48
What is the remainder when 34 is divided by 7?
6
What is the remainder when 91 is divided by 23?
22
What is the remainder when 1915 is divided by 160?
155
Calculate the remainder when 687 is divided by 138.
135
What is the remainder when 268 is divided by 10?
8
What is the remainder when 149 is divided by 65?
19
What is the remainder when 95 is divided by 20?
15
Calculate the remainder when 524 is divided by 105.
104
Calculate the remainder when 492 is divided by 8.
4
What is the remainder when 2571 is divided by 22?
19
What is the remainder when 236 is divided by 83?
70
What is the remainder when 659 is divided by 15?
14
Calculate the remainder when 169 is divided by 72.
25
What is the remainder when 1019 is divided by 14?
11
Calculate the remainder when 759 is divided by 6.
3
What is the remainder when 1246 is divided by 24?
22
What is the remainder when 318 is divided by 3?
0
What is the remainder when 79 is divided by 8?
7
Calculate the remainder when 59 is divided by 43.
16
What is the remainder when 973 is divided by 32?
13
What is the remainder when 765 is divided by 48?
45
Calculate the remainder when 232 is divided by 30.
22
What is the remainder when 1903 is divided by 471?
19
Calculate the remainder when 1061 is divided by 14.
11
Calculate the remainder when 2899 is divided by 964.
7
Calculate the remainder when 13519 is divided by 13.
12
Calculate the remainder when 864 is divided by 146.
134
Calculate the remainder when 501 is divided by 8.
5
What is the remainder when 6249 is divided by 125?
124
What is the remainder when 2048 is divided by 114?
110
Calculate the remainder when 159 is divided by 116.
43
What is the remainder when 303 is divided by 11?
6
Calculate the remainder when 98 is divided by 74.
24
Calculate the remainder when 519 is divided by 87.
84
What is the remainder when 119 is divided by 63?
56
Calculate the remainder when 328 is divided by 193.
135
What is the remainder when 163 is divided by 11?
9
Calculate the remainder when 555 is divided by 6.
3
What is the remainder when 496 is divided by 63?
55
What is the remainder when 58 is divided by 2?
0
Calculate the remainder when 2626 is divided by 12.
10
Calculate the remainder when 317 is divided by 7.
2
Calculate the remainder when 1006 is divided by 48.
46
What is the remainder when 228 is divided by 18?
12
Calculate the remainder when 65 is divided by 54.
11
Calculate the remainder when 267 is divided by 211.
56
Calculate the remainder when 628 is divided by 17.
16
What is the remainder when 42 is divided by 31?
11
What is the remainder when 330 is divided by 1?
0
Calculate the remainder when 739 is divided by 182.
11
What is the remainder when 589 is divided by 7?
1
What is the remainder when 3373 is divided by 25?
23
Calculate the remainder when 1052 is divided by 13.
12
What is the remainder when 251 is divided by 84?
83
Calculate the remainder when 270 is divided by 64.
14
Calculate the remainder when 1138 is divided by 85.
33
What is the remainder when 110 is divided by 24?
14
What is the remainder when 305 is divided by 296?
9
Calculate the remainder when 1562 is divided by 18.
14
What is the remainder when 313 is divided by 292?
21
Calculate the remainder when 233 is divided by 79.
75
What is the remainder when 643 is divided by 23?
22
Calculate the remainder when 1428 is divided by 1428.
0
Calculate the remainder when 2133 is divided by 2.
1
What is the remainder when 32740 is divided by 321?
319
What is the remainder when 242 is divided by 3?
2
Calculate the remainder when 193 is divided by 62.
7
Calculate the remainder when 191 is divided by 50.
41
Calculate the remainder when 426 is divided by 101.
22
What is the remainder when 278 is divided by 47?
43
What is the remainder when 2109 is divided by 151?
146
Calculate the remainder when 442 is divided by 7.
1
What is the remainder when 225 is divided by 57?
54
Calculate the remainder when 28844 is divided by 12.
8
Calculate the remainder when 430 is divided by 66.
34
What is the remainder when 18 is divided by 15?
3
What is the remainder when 70 is divided by 45?
25
Calculate the remainder when 127 is divided by 36.
19
Calculate the remainder when 11 is divided by 4.
3
Calculate the remainder when 49 is divided by 10.
9
What is the remainder when 193 is divided by 39?
37
What is the remainder when 1339 is divided by 51?
13
What is the remainder when 111 is divided by 34?
9
Calculate the remainder when 183 is divided by 47.
42
Calculate the remainder when 881 is divided by 289.
14
Calculate the remainder when 21597 is divided by 15.
12
What is the remainder when 40 is divided by 2?
0
Calculate the remainder when 277 is divided by 4.
1
What is the remainder when 1979 is divided by 10?
9
Calculate the remainder when 818 is divided by 20.
18
Calculate the remainder when 355 is divided by 171.
13
What is the remainder when 7 is divided by 3?
1
What is the remainder when 474 is divided by 154?
12
Calculate the remainder when 685 is divided by 341.
3
Calculate the remainder when 890 is divided by 23.
16
Calculate the remainder when 238 is divided by 61.
55
Calculate the remainder when 215 is divided by 12.
11
What is the remainder when 208 is divided by 98?
12
What is the remainder when 20081 is divided by 6?
5
Calculate the remainder when 46 is divided by 11.
2
Calculate the remainder when 1570 is divided by 195.
10
Calculate the remainder when 181 is divided by 46.
43
Calculate the remainder when 239 is divided by 89.
61
Calculate the remainder when 123 is divided by 18.
15
Calculate the remainder when 205 is divided by 23.
21
Calculate the remainder when 573 is divided by 24.
21
What is the remainder when 703 is divided by 171?
19
Calculate the remainder when 1547 is divided by 4.
3
Calculate the remainder when 84 is divided by 20.
4
What is the remainder when 120 is divided by 20?
0
What is the remainder when 478 is divided by 125?
103
Calculate the remainder when 745 is divided by 203.
136
What is the remainder when 1991 is divided by 19?
15
Calculate the remainder when 161 is divided by 95.
66
Calculate the remainder when 343 is divided by 23.
21
What is the remainder when 153 is divided by 83?
70
What is the remainder when 1531 is divided by 64?
59
Calculate the remainder when 139 is divided by 70.
69
Calculate the remainder when 53 is divided by 18.
17
What is the remainder when 345 is divided by 172?
1
Calculate the remainder when 17322 is divided by 315.
312
What is the remainder when 3900 is divided by 1296?
12
Calculate the remainder when 53 is divided by 19.
15
What is the remainder when 139 is divided by 7?
6
Calculate the remainder when 190 is divided by 94.
2
Calculate the remainder when 987 is divided by 15.
12
Calculate the remainder when 209 is divided by 24.
17
What is the remainder when 2148 is divided by 127?
116
What is the remainder when 10126 is divided by 247?
246
What is the remainder when 352 is divided by 98?
58
What is the remainder when 124 is divided by 97?
27
Calculate the remainder when 743 is divided by 124.
123
What is the remainder when 159 is divided by 80?
79
What is the remainder when 176 is divided by 36?
32
What is the remainder when 44 is divided by 30?
14
Calculate the remainder when 174 is divided by 83.
8
What is the remainder when 54 is divided by 11?
10
Calculate the remainder when 4831 is divided by 58.
17
Calculate the remainder when 281 is divided by 76.
53
What is the remainder when 94 is divided by 24?
22
What is the remainder when 3022 is divided by 121?
118
Calculate the remainder when 7849 is divided by 157.
156
Calculate the remainder when 218 is divided by 20.
18
Calculate the remainder when 2620 is divided by 23.
21
What is the remainder when 11983 is divided by 112?
111
Calculate the remainder when 1243 is divided by 43.
39
What is the remainder when 1596 is divided by 41?
38
Calculate the remainder when 303 is divided by 51.
48
Calculate the remainder when 5082 is divided by 1692.
6
Calculate the remainder when 18704 is divided by 29.
28
Calculate the remainder when 24286 is divided by 88.
86
What is the remainder when 1